{"id":10421,"date":"2017-11-02T12:30:50","date_gmt":"2017-11-02T11:30:50","guid":{"rendered":"http:\/\/www.scarfia.be\/?page_id=10421"},"modified":"2017-11-03T19:18:44","modified_gmt":"2017-11-03T18:18:44","slug":"plomberie","status":"publish","type":"page","link":"https:\/\/www.scarfia.be\/index.php\/plomberie\/","title":{"rendered":"PLOMBERIE"},"content":{"rendered":"<div class=\"limit-wrapper\"><div class=\"row \"><div class=\"wpv-grid grid-1-1  wpv-first-level first unextended no-extended-padding\" style=\"padding-top:0.05px;padding-bottom:0.05px;\" id=\"wpv-column-2a6aabfc7819b1adeb35e7ca5ac8906d\" ><p style=\"text-align: center;\"><span class='icon shortcode theme  use-hover' style='color:green;font-size:56px !important;'>&#58908;<\/span><\/div><\/div><\/div>\n<div class=\"push \" style=\"height:30px\"><\/div>\n<div class=\"limit-wrapper\"><div class=\"row \"><div class=\"wpv-grid grid-1-1  wpv-first-level first unextended no-extended-padding\" style=\"padding-top:0.05px;padding-bottom:0.05px;\" id=\"wpv-column-1ca08f0e5019fc901efef02ef830eecc\" ><div><span style=\"font-family: Verdana;\">Le plomberie faisant partie int\u00e9grante des salles de bains, des cuisines,\u2026 Nos \u00e9quipes sont exp\u00e9riment\u00e9es dans ce domaine. Nous utilisons des mat\u00e9riaux de qualit\u00e9 et sommes \u00e9quip\u00e9s pour r\u00e9aliser toutes sortes de travaux de plomberie, au niveau priv\u00e9 ou professionnel.<\/span><\/div>\n<div><\/div>\n<div><span style=\"font-family: Verdana;\">Que ce soit pour un d\u00e9pannage, une nouvelle installation de chaudi\u00e8re, poser de nouveau tuyaux de plomberie,\u2026 n\u2019h\u00e9sitez pas \u00e0 faire appel \u00e0 nous.<\/span><\/div>\n<div>\n<div><b class=\"\"><span style=\"font-family: Verdana;\">\u00a0<\/span><\/b><\/div>\n<div><b class=\"\"><span style=\"font-family: Verdana;\">Nous nous ferons un plaisir de collaborer avec vous pour tous vos projets de r\u00e9novation ou de construction.<\/span><\/b><\/div>\n<\/div><\/div><\/div><\/div>\n<div class=\"push \" style=\"height:30px\"><\/div>\n<div class=\"push \" style=\"height:30px\"><\/div>\n<div class=\"limit-wrapper\"><div class=\"row \"><div class=\"wpv-grid grid-1-1  wpv-first-level first unextended has-extended-padding\" style=\"padding-top:0.05px;padding-bottom:0.05px;\" id=\"wpv-column-00b3bfd2f0174286419a01718ff6d025\" ><div class=\"row \"><div class=\"wpv-grid grid-1-5  first unextended has-extended-padding\" style=\"padding-top:0.05px;padding-bottom:0.05px;\" id=\"wpv-column-b22bc433b22c475958a5cb4156d1f9f4\" ><\/div>\n<div class=\"wpv-grid grid-3-5  unextended has-extended-padding\" style=\"padding-top:0.05px;padding-bottom:0.05px;\" id=\"wpv-column-c49a187888031428578267bfdd23c2a0\" ><div class=\"row \"><div class=\"wpv-grid grid-1-1  first unextended no-extended-padding\" style=\"padding-top:0.05px;padding-bottom:0.05px;\" id=\"wpv-column-3b0e301ec314e3b5515617703109934c\" >\n<div  data-href=\"http:\/\/www.scarfia.be\/index.php\/contact-us\" tabindex=\"1\" data-target=\"_self\" class=\"linkarea clearfix accent7  background-transparent\">\n\t\t\t\t<div class=\"last\"><table>\n<tbody>\n<tr>\n<td><div class=\"push \" style=\"height:10px\"><\/div> <span class='icon shortcode theme  use-hover' style='color:#364352;font-size:42px !important;'>&#57439;<\/span><\/td>\n<td>Vous voulez une offre de prix ?<\/p>\n<h3>DEMANDER UN DEVIS<\/h3>\n<\/td>\n<td>\n<p class=\"p1\"><span class=\"s1\"><div class=\"push \" style=\"height:20px\"><\/div> <p class=\"textcenter\"><a href=\"#\" target=\"_self\" style='font-size: 14px;' class=\"vamtam-button accent1  button-border hover-accent1 \"><span class=\"btext\" data-text=\"CONTACTEZ NOUS\">CONTACTEZ NOUS<\/span><\/a><\/p><\/span><\/p>\n<\/td>\n<\/tr>\n<\/tbody>\n<\/table><\/div>\n\t<\/div><\/div><\/div><\/div>\n<div class=\"wpv-grid grid-1-5  unextended has-extended-padding\" style=\"padding-top:0.05px;padding-bottom:0.05px;\" id=\"wpv-column-0e23f7cc88d484c1484ec43c1a907df4\" ><\/div><\/div><\/div><\/div><\/div>\n<div class=\"push \" style=\"height:30px\"><\/div>\n","protected":false},"excerpt":{"rendered":"<p>Le plomberie faisant partie int\u00e9grante des salles de bains, des cuisines,\u2026 Nos \u00e9quipes sont exp\u00e9riment\u00e9es dans ce domaine. Nous utilisons des mat\u00e9riaux de qualit\u00e9 et sommes \u00e9quip\u00e9s pour r\u00e9aliser toutes sortes de travaux de plomberie, au niveau priv\u00e9 ou professionnel. Que ce soit pour un d\u00e9pannage, une nouvelle installation de chaudi\u00e8re, poser de nouveau tuyaux&#8230;<\/p>\n","protected":false},"author":1,"featured_media":0,"parent":0,"menu_order":0,"comment_status":"closed","ping_status":"closed","template":"","meta":{"footnotes":""},"class_list":["post-10421","page","type-page","status-publish","hentry"],"_links":{"self":[{"href":"https:\/\/www.scarfia.be\/index.php\/wp-json\/wp\/v2\/pages\/10421","targetHints":{"allow":["GET"]}}],"collection":[{"href":"https:\/\/www.scarfia.be\/index.php\/wp-json\/wp\/v2\/pages"}],"about":[{"href":"https:\/\/www.scarfia.be\/index.php\/wp-json\/wp\/v2\/types\/page"}],"author":[{"embeddable":true,"href":"https:\/\/www.scarfia.be\/index.php\/wp-json\/wp\/v2\/users\/1"}],"replies":[{"embeddable":true,"href":"https:\/\/www.scarfia.be\/index.php\/wp-json\/wp\/v2\/comments?post=10421"}],"version-history":[{"count":0,"href":"https:\/\/www.scarfia.be\/index.php\/wp-json\/wp\/v2\/pages\/10421\/revisions"}],"wp:attachment":[{"href":"https:\/\/www.scarfia.be\/index.php\/wp-json\/wp\/v2\/media?parent=10421"}],"curies":[{"name":"wp","href":"https:\/\/api.w.org\/{rel}","templated":true}]}}